 is divided by 619.
0
What is the remainder when 3587 is divided by 3569?
18
Calculate the remainder when 598108 is divided by 30.
28
Calculate the remainder when 8146 is divided by 461.
309
What is the remainder when 41884 is divided by 1160?
124
What is the remainder when 2496 is divided by 23?
12
Calculate the remainder when 94985 is divided by 15829.
11
What is the remainder when 180689 is divided by 85?
64
What is the remainder when 12376 is divided by 1038?
958
What is the remainder when 111205 is divided by 353?
10
What is the remainder when 31779 is divided by 64?
35
What is the remainder when 2813 is divided by 414?
329
What is the remainder when 499245 is divided by 71320?
5
Calculate the remainder when 75993 is divided by 25329.
6
Calculate the remainder when 4794 is divided by 48.
42
Calculate the remainder when 4575 is divided by 159.
123
What is the remainder when 3235 is divided by 71?
40
What is the remainder when 79281 is divided by 13211?
15
Calculate the remainder when 6831 is divided by 6690.
141
What is the remainder when 14189 is divided by 4697?
98
What is the remainder when 5201 is divided by 37?
21
What is the remainder when 3566 is divided by 69?
47
Calculate the remainder when 11016 is divided by 36.
0
Calculate the remainder when 23405 is divided by 308.
305
What is the remainder when 30697 is divided by 10131?
304
What is the remainder when 68126 is divided by 167?
157
What is the remainder when 17104 is divided by 201?
19
What is the remainder when 74147 is divided by 29?
23
What is the remainder when 5812 is divided by 211?
115
Calculate the remainder when 33730 is divided by 33697.
33
Calculate the remainder when 1716 is divided by 1018.
698
What is the remainder when 1213 is divided by 85?
23
Calculate the remainder when 15419 is divided by 1543.
1532
Calculate the remainder when 55332 is divided by 51.
48
Calculate the remainder when 32756 is divided by 54.
32
What is the remainder when 411065 is divided by 39?
5
What is the remainder when 225548 is divided by 45098?
58
Calculate the remainder when 20902 is divided by 2612.
6
Calculate the remainder when 70881 is divided by 63.
6
What is the remainder when 2661 is divided by 37?
34
Calculate the remainder when 220906 is divided by 1444.
1418
Calculate the remainder when 114171 is divided by 645.
6
Calculate the remainder when 10837 is divided by 162.
145
What is the remainder when 2354 is divided by 779?
17
Calculate the remainder when 2571379 is divided by 70.
69
Calculate the remainder when 26773 is divided by 582.
1
Calculate the remainder when 6170 is divided by 109.
66
Calculate the remainder when 5108 is divided by 9.
5
Calculate the remainder when 7379 is divided by 1471.
24
Calculate the remainder when 1006 is divided by 51.
37
Calculate the remainder when 41512 is divided by 1299.
1243
Calculate the remainder when 41083 is divided by 11.
9
Calculate the remainder when 47661 is divided by 85.
61
What is the remainder when 15398 is divided by 275?
273
Calculate the remainder when 3354 is divided by 133.
29
What is the remainder when 11862773 is divided by 236?
233
What is the remainder when 39512 is divided by 826?
690
What is the remainder when 36166 is divided by 132?
130
Calculate the remainder when 723 is divided by 370.
353
Calculate the remainder when 3231 is divided by 86.
49
What is the remainder when 107541 is divided by 34?
33
What is the remainder when 94334 is divided by 27?
23
Calculate the remainder when 245906 is divided by 20.
6
What is the remainder when 6855 is divided by 3321?
213
Calculate the remainder when 550796 is divided by 1249.
1236
Calculate the remainder when 39070 is divided by 39060.
10
What is the remainder when 13830 is divided by 68?
26
What is the remainder when 7221 is divided by 722?
1
Calculate the remainder when 232 is divided by 19.
4
Calculate the remainder when 98091 is divided by 1078.
1071
Calculate the remainder when 2947 is divided by 844.
415
Calculate the remainder when 41516 is divided by 48.
44
Calculate the remainder when 351139 is divided by 20.
19
Calculate the remainder when 280789 is divided by 86.
85
Calculate the remainder when 6282 is divided by 68.
26
Calculate the remainder when 1153934 is divided by 9.
8
Calculate the remainder when 8324 is divided by 173.
20
Calculate the remainder when 2260 is divided by 123.
46
Calculate the remainder when 19025 is divided by 68.
53
Calculate the remainder when 176071 is divided by 58684.
19
Calculate the remainder when 243507 is divided by 126.
75
Calculate the remainder when 1494155 is divided by 373535.
15
What is the remainder when 1061892 is divided by 81684?
0
Calculate the remainder when 23724 is divided by 135.
99
What is the remainder when 118577 is divided by 29?
25
Calculate the remainder when 1442 is divided by 327.
134
What is the remainder when 33188 is divided by 481?
480
Calculate the remainder when 14562 is divided by 978.
870
What is the remainder when 77 is divided by 35?
7
Calculate the remainder when 21342 is divided by 228.
138
What is the remainder when 170399 is divided by 516?
119
What is the remainder when 7135 is divided by 489?
289
What is the remainder when 1269 is divided by 401?
66
What is the remainder when 39500 is divided by 66?
32
Calculate the remainder when 3161 is divided by 598.
171
What is the remainder when 204547 is divided by 119?
105
Calculate the remainder when 661128 is divided by 394.
390
What is the remainder when 203241 is divided by 361?
359
What is the remainder when 5606 is divided by 34?
30
Calculate the remainder when 14785 is divided by 216.
97
What is the remainder when 74732 is divided by 11?
9
What is the remainder when 1304 is divided by 55?
39
Calculate the remainder when 136977 is divided by 13.
9
What is the remainder when 31876 is divided by 99?
97
What is the remainder when 9423 is divided by 10?
3
What is the remainder when 354385 is divided by 70875?
10
What is the remainder when 536112 is divided by 89351?
6
What is the remainder when 29661 is divided by 33?
27
What is the remainder when 223 is divided by 45?
43
Calculate the remainder when 4919 is divided by 151.
87
Calculate the remainder when 3660 is divided by 47.
41
What is the remainder when 4617281 is divided by 11?
9
What is the remainder when 6520 is divided by 1291?
65
What is the remainder when 40458 is divided by 40457?
1
What is the remainder when 2127 is divided by 1062?
3
What is the remainder when 190988 is divided by 2170?
28
Calculate the remainder when 84825 is divided by 146.
145
Calculate the remainder when 51510 is divided by 231.
228
Calculate the remainder when 532597 is divided by 82.
7
Calculate the remainder when 32914 is divided by 149.
134
What is the remainder when 4281 is divided by 1403?
72
What is the remainder when 16704 is divided by 1670?
4
Calculate the remainder when 4102272 is divided by 15.
12
What is the remainder when 333 is divided by 90?
63
What is the remainder when 950327 is divided by 24?
23
Calculate the remainder when 69265 is divided by 6.
1
Calculate the remainder when 2263 is divided by 579.
526
What is the remainder when 179063 is divided by 705?
698
What is the remainder when 9704 is divided by 2425?
4
What is the remainder when 1456 is divided by 1254?
202
What is the remainder when 42239 is divided by 96?
95
What is the remainder when 89365 is divided by 41?
26
Calculate the remainder when 68118 is divided by 86.
6
Calculate the remainder when 545251 is divided by 227.
224
Calculate the remainder when 381430 is divided by 20.
10
What is the remainder when 4676 is divided by 1167?
8
What is the remainder when 13717 is divided by 196?
193
What is the remainder when 487 is divided by 20?
7
Calculate the remainder when 132310 is divided by 82.
44
What is the remainder when 104308 is divided by 5?
3
Calculate the remainder when 185425 is divided by 9.
7
What is the remainder when 2185 is divided by 114?
19
What is the remainder when 38219 is divided by 3473?
16
What is the remainder when 42126 is divided by 8424?
6
What is the remainder when 217358 is divided by 260?
258
Calculate the remainder when 2280 is divided by 3.
0
What is the remainder when 8576 is divided by 94?
22
Calculate t